Let q(j) = -90*j - 138. Determine q(2).
-318
Let f(m) = -m**2 + 88*m + 874. Give f(-9).
1
Let i(v) = v**3 + 38*v**2 + 239*v - 48. Calculate i(-30).
-18
Let r(w) = -2*w**3 + 19*w**2 - 34. Determine r(9).
47
Let a(z) = 3*z**2 + 74*z - 93. Calculate a(-26).
11
Let u(z) = 12*z**3 - 3*z**2 + 41*z - 39. Determine u(1).
11
Let a(i) = 2*i**2 + 209*i + 507. Give a(-102).
-3
Let n(m) = 3*m**3 + 54*m**2 + 53*m - 12. Determine n(-17).
-46
Let i(y) = 2*y**3 - 136*y**2 - 136*y - 135. What is i(69)?
3
Let v(g) = 115*g**2 + 4*g - 5. Calculate v(2).
463
Let k(f) = 3*f**2 + 117*f + 1088. Calculate k(-24).
8
Let r(p) = -37*p - 990. Determine r(-27).
9
Let m(o) = o**3 + 6*o**2 - 24*o - 140. Determine m(-5).
5
Let t(h) = 749*h + 7499. Calculate t(-10).
9
Let r(u) = u**3 - u**2 - 4*u + 8. Give r(-5).
-122
Let i(s) = -s**3 + s**2 + 53*s + 200. Give i(-5).
85
Let x(a) = -9*a + 92. Calculate x(-32).
380
Let q(g) = -184*g - 359. Give q(-2).
9
Let n(f) = -f**3 - 2*f**2 - 14*f + 8. Give n(0).
8
Let n(s) = 2*s**2 + 22*s - 230. Calculate n(6).
-26
Let p(s) = -47*s + 27. Give p(8).
-349
Let h(m) = -115*m + 2402. What is h(21)?
-13
Let z(d) = -82*d**2 + 820*d - 7. Calculate z(10).
-7
Let s(d) = -9*d**2 - 1219*d - 2923. Calculate s(-133).
3
Let s(d) = -3*d**3 - 3*d**2 - 6*d + 17. Determine s(4).
-247
Let b(y) = -38*y**3 - 188*y**2 + 4*y - 21. Calculate b(-5).
9
Let w(r) = r**2 + 904*r - 10089. Calculate w(11).
-24
Let q(g) = 12*g**3 + 4*g**2 - 17*g - 20. Determine q(-1).
-11
Let a(v) = -92*v - 2674. Determine a(-29).
-6
Let u(c) = -c - 47. Determine u(-45).
-2
Let b(a) = 103*a + 49. Give b(1).
152
Let l(j) = 61*j - 169. Give l(3).
14
Let t(h) = -2*h**2 + 23*h - 39. Determine t(9).
6
Let g(d) = -d**2 + 15*d + 485. Calculate g(31).
-11
Let t(o) = 4*o**2 - 29*o - 122. Determine t(-4).
58
Let v(r) = 78*r + 391. Determine v(-5).
1
Let q(k) = 192*k + 956. Calculate q(-4).
188
Let q(y) = -2368*y - 15. What is q(0)?
-15
Let y(x) = 4*x**2 - 73*x + 60. What is y(11)?
-259
Let y(b) = 41*b - 476. What is y(16)?
180
Let w(l) = 3*l**2 + 86*l + 662. Determine w(-24).
326
Let c(g) = 26*g**3 - 2*g**2 + 10*g - 33. Calculate c(3).
681
Let c(z) = 6*z**2 + 198*z - 28. Calculate c(-33).
-28
Let i(h) = -38*h + 363. What is i(4)?
211
Let n(o) = -o**2 - 101*o - 1131. Determine n(-88).
13
Let v(d) = 15*d - 13. Determine v(-5).
-88
Let c(r) = -6*r**2 - 59*r + 3. Give c(-9).
48
Let p(t) = 46*t**2 - 1310*t - 692. What is p(29)?
4
Let d(p) = p**3 - 17*p**2 + 16*p + 20. Give d(16).
20
Let x(o) = -139*o + 10282. What is x(74)?
-4
Let g(j) = 26*j + 38. Give g(-1).
12
Let g(n) = 5*n**3 + 928*n**2 - 376*n - 686. Give g(-186).
58
Let h(u) = 3*u**3 + 6*u - 5. Give h(-4).
-221
Let l(t) = -2122*t + 6368. Calculate l(3).
2
Let p(w) = -13*w**3 + w**2 + 119*w - 118. Calculate p(1).
-11
Let x(u) = 93*u - 13. What is x(-1)?
-106
Let f(x) = -x**3 + 392*x**2 - 785*x + 2. Determine f(2).
-8
Let y(n) = -5*n**3 - 231*n**2 - 40*n - 23. Determine y(-46).
-299
Let d(k) = k**3 - 13*k**2 - 109*k + 1439. Give d(11).
-2
Let y(m) = -126*m - 1540. Determine y(-12).
-28
Let d(w) = 2*w**3 + 5*w**2 - 282*w - 849. Calculate d(-3).
-12
Let z(a) = -a**2 - 13*a - 14. Determine z(-8).
26
Let r(g) = 30*g**3 + 2*g**2 - 129*g + 128. Determine r(1).
31
Let x(q) = q**3 + 49*q**2 + 95*q + 55. Determine x(-47).
8
Let t(x) = 2141*x - 312586. Determine t(146).
0
Let m(g) = 115*g - 6404. Determine m(56).
36
Let j(n) = 2*n**2 + 165*n + 1055. Calculate j(-7).
-2
Let r(o) = o**3 + o**2 - 5*o - 3. What is r(-4)?
-31
Let d(n) = n**2 - 48*n + 271. Determine d(40).
-49
Let z(q) = 2*q**3 + 8*q**2 + 4*q + 15. Calculate z(-3).
21
Let r(f) = -f**3 - 18*f**2 + 18*f - 86. Determine r(-19).
-67
Let x(k) = k**2 - 50*k - 348. Give x(56).
-12
Let v(d) = 2*d**2 + 73*d + 443. Calculate v(-29).
8
Let c(i) = i**3 + 58*i**2 - 378*i + 364. Determine c(-64).
-20
Let o(t) = -2*t**2 + 240*t - 6464. Calculate o(41).
14
Let s(g) = -g**3 + 23*g**2 - 106*g + 570. Determine s(19).
0
Let r(s) = s**2 + 46*s - 512. What is r(-55)?
-17
Let f(q) = -3*q**3 + 34*q**2 + 25*q + 24. Determine f(12).
36
Let t(n) = 18*n**2 + 44*n - 119. What is t(-4)?
-7
Let g(v) = v**3 + 47*v**2 - 166*v + 8048. Give g(-53).
-8
Let q(z) = -z**3 - 22*z**2 + 27*z + 1602. Calculate q(-19).
6
Let d(i) = 32*i**2 + 1151*i + 118. What is d(-36)?
154
Let i(g) = 7*g**3 + 136*g**2 - 270*g - 2. Calculate i(2).
58
Let a(f) = f**3 - 33*f**2 + 3*f - 57. Determine a(33).
42
Let a(s) = -291*s + 584. Determine a(2).
2
Let o(m) = -m + 1. What is o(-16)?
17
Let m(h) = 41*h - 21. Give m(-2).
-103
Let j(r) = r**3 - 2*r**2 + 4711*r - 23627. What is j(5)?
3
Let a(i) = -i**2 + 128*i - 2102. What is a(109)?
-31
Let x(v) = 2*v**2 + 329*v + 493. What is x(-163)?
4
Let s(w) = w**2 - 142*w - 2344. What is s(157)?
11
Let n(o) = 20*o**2 + 15*o + 153. Give n(-6).
783
Let a(x) = 21*x**2 - 191*x + 22. Determine a(9).
4
Let k(d) = -83*d - 55. Determine k(-2).
111
Let v(w) = -56*w**2 + 412*w - 103. Calculate v(7).
37
Let p(z) = -820*z + 3281. Calculate p(4).
1
Let g(k) = -419*k + 10923. Calculate g(26).
29
Let m(o) = -2*o**2 + 106*o + 659. Calculate m(59).
-49
Let i(a) = -2126*a - 157326. Determine i(-74).
-2
Let p(u) = 6*u**3 - 30*u**2 + 26*u - 1. Calculate p(4).
7
Let b(p) = -5*p**2 - 5*p + 1356. Calculate b(-17).
-4
Let v(h) = 2*h**2 - 25*h - 56. Determine v(14).
-14
Let a(y) = y**3 - 38*y**2 + 48*y - 394. Give a(37).
13
Let a(b) = -b**3 - 166*b**2 + 1572*b - 509. Calculate a(-175).
16
Let g(p) = 2*p**2 - 368*p - 1508. Determine g(-4).
-4
Let r(q) = 2*q**3 + 2*q**2 - 10*q + 5. Calculate r(-3).
-1
Let u(g) = -37*g - 496. Determine u(-16).
96
Let g(b) = b**2 + 22*b + 55. Give g(-13).
-62
Let w(j) = -34*j**2 + 1653*j + 1654. Calculate w(-1).
-33
Let o(r) = r**2 - 2*r - 78. What is o(11)?
21
Let m(y) = y**3 + 11*y**2 + 50*y + 275. Give m(-9).
-13
Let l(n) = n**2 - 151*n + 5732. Determine l(72).
44
Let d(i) = -1467*i + 2699. Calculate d(2).
-235
Let u(j) = 8*j**2 + 12*j - 14. Calculate u(-5).
126
Let n(w) = -5*w + 216. Calculate n(71).
-139
Let k(j) = -2*j**3 + 101*j**2 - 122*j + 3596. Give k(50).
-4
Let s(p) = 113*p - 1313. Calculate s(12).
43
Let d(l) = l**3 - 13*l**2 + 25*l - 43. What is d(11)?
-10
Let a(y) = -y**3 - 68*y**2 - 627*y + 36. Calculate a(-57).
36
Let i(o) = -6*o**3 + 23*o**2 + 16*o - 1. Determine i(-1).
12
Let w(g) = 10*g - 424. What is w(-22)?
-644
Let l(u) = 2*u**2 + 112*u + 327. Determine l(-53).
9
Let v(k) = k**3 - 91*k**2 + 737*k + 126. Determine v(82).
44
Let i(w) = -11*w**3 + 97*w**2 - 192*w. Give i(3).
0
Let h(f) = -32*f + 2149. Determine h(67).
5
Let n(a) = -a**2 + 144*a - 5228. Determine n(77).
-69
Let r(a) = 221*a + 150. Determine r(-2).
-292
Let k(y) = -3*y**3 - 110*y**2 + 223*y - 3. Determine k(2).
-21
Let l(m) = -21*m + 209. Determine l(17).
-148
Let q(t) = -t**3 + 10*t**2 - 8*t + 2. What is q(4)?
66
Let v(o) = -9*o**2 + 13*o - 15. Give v(9).
-627
Let w(o) = 7*o**3 - 83*o**2 + 52*o - 13. Calculate w(11).
-167
Let q(g) = -g**2 + 193. What is q(0)?
193
Let p(j) = -j**3 + 13*j**2 + 36*j - 39. Calculate p(16).
-231
Let b(j) = j**3 + 9*j**2 + 7*j + 3. What is b(-7)?
52
Let g(h) = 22*h + 8. Determine g(-5).
-102
Let a(s) = s**3 - 30*s**2 - 102*s + 13. Calculate a(33).
-86
Let n(t) = -t**2 - 12*t + 247. Calculate n(19).
-342
Let u(w) = 2*w**3 - 36*w**2 + 71*w + 14. Give u(16).
126
Let f(m) = -m**3 + 16*m**2 - 13*m - 48. Calculate f(15).
-18
Let z(a) = 682*a - 4775. Calculate z(7).
-1
Let d(g) = -27*g + 1266. Calculate d(47).
-3
Let p(o) = o**3 + 105*o**2 + 75*o - 3131. What is p(-104)?
-115
Let r(w) = w**2 - 164*w + 1561. Calculate r(10).
21
Let v(q) = -q**3 + 24*q**2 + 68*q + 344. What is v(27)?
-7
Let q(y) = -8*y - 239. Determine q(-26).
-31
Let t(i) = -i**3 - 8*i**2 + 37*i + 120. Calculate t(-10).
-50
Let x(m) = 207*m**2 + 1655*m - 6. Determine x(-8).
2
Let f(d) = -124*d + 1782. What is f(14)?
46
Let n(y) = -3546*y + 549633. Calculate n(155).
3
Let p(s) = 54*s + 751. What is p(-14)?
-5
Let g(i) = -i**2 - 10*i + 253. Give g(10).
53
Let m(p) = -17*p**2 + 4*p + 20. Determine m(4).
-236
Let d(j) = -13*j**2 - 221*j - 124. Calculate d(-16).
84
Let z(y) = 2*y**3 + 12*y**2 + 397*y + 1937. Determine z(-5).
2
Let a(v) = 1600*v + 279. What is a(-1)?
-1321
Let n(m) = m**3 - 54*m + 170. Give n(4).
18
Let d(p) = 2*p**2 - 30*p + 9